{"id":894,"date":"2018-08-30T14:36:31","date_gmt":"2018-08-30T17:36:31","guid":{"rendered":"https:\/\/ischajari-ers.infd.edu.ar\/sitio\/resoluciones-y-doc-importantes\/"},"modified":"2025-03-19T19:12:00","modified_gmt":"2025-03-19T22:12:00","slug":"resoluciones","status":"publish","type":"page","link":"https:\/\/ischajari-ers.infd.edu.ar\/sitio\/resoluciones\/","title":{"rendered":"Resoluciones"},"content":{"rendered":"<table class=\"table table-striped\">\n<thead>\n<tr class=\"bg-primary text-white\" style=\"border: #1f3bff 2px solid; background: #4c62ff;\">\n<th scope=\"col\">#<\/th>\n<th scope=\"col\">Descripci\u00f3n<\/th>\n<th scope=\"col\">Ver\/Descargar<\/th>\n<\/tr>\n<\/thead>\n<tbody>\n<tr>\n<th style=\"border: #1f3bff 0.1px solid;\" scope=\"row\">1500\/22 CGE<\/th>\n<td style=\"border: #1f3bff 0.1px solid;\">Resoluci\u00f3n concursal del Nivel Superior.<\/td>\n<td style=\"border: #1f3bff 0.1px solid;\"><a href=\"https:\/\/ischajari-ers.infd.edu.ar\/sitio\/wp-content\/uploads\/2022\/08\/RESOLUCION-1500-22-CGE.pdf\" target=\"_blank\" rel=\"noopener\"><img decoding=\"async\" loading=\"lazy\" class=\"aligncenter wp-image-981\" title=\"298\/10 CGE\" src=\"https:\/\/ischajari-ers.infd.edu.ar\/sitio\/wp-content\/uploads\/2019\/05\/5023fbf29c.png\" alt=\"\" width=\"45\" height=\"45\" srcset=\"https:\/\/ischajari-ers.infd.edu.ar\/sitio\/wp-content\/uploads\/2019\/05\/5023fbf29c.png 512w, https:\/\/ischajari-ers.infd.edu.ar\/sitio\/wp-content\/uploads\/2019\/05\/5023fbf29c-500x500.png 500w\" sizes=\"(max-width: 45px) 100vw, 45px\" \/><\/a><\/td>\n<\/tr>\n<tr>\n<th style=\"border: #1f3bff 0.1px solid;\" scope=\"row\">0996\/19 CGE<\/th>\n<td style=\"border: #1f3bff 0.1px solid;\">Lineamientos generales para cubrir la funci\u00f3n de Referente T\u00e9cnico Institucional del Programa Conectar Igualdad.<\/td>\n<td style=\"border: #1f3bff 0.1px solid;\"><a href=\"https:\/\/ischajari-ers.infd.edu.ar\/sitio\/wp-content\/uploads\/2019\/05\/0996-19.pdf\" target=\"_blank\" rel=\"noopener\"><img decoding=\"async\" loading=\"lazy\" class=\"aligncenter wp-image-981\" title=\"0996\/19 CGE\" src=\"https:\/\/ischajari-ers.infd.edu.ar\/sitio\/wp-content\/uploads\/2019\/05\/5023fbf29c.png\" alt=\"\" width=\"45\" height=\"45\" srcset=\"https:\/\/ischajari-ers.infd.edu.ar\/sitio\/wp-content\/uploads\/2019\/05\/5023fbf29c.png 512w, https:\/\/ischajari-ers.infd.edu.ar\/sitio\/wp-content\/uploads\/2019\/05\/5023fbf29c-500x500.png 500w\" sizes=\"(max-width: 45px) 100vw, 45px\" \/><\/a><\/td>\n<\/tr>\n<tr>\n<th style=\"border: #1f3bff 0.1px solid;\" scope=\"row\">0249\/24 CGE<\/th>\n<td style=\"border: #1f3bff 0.1px solid;\">Aprueba R\u00e9gimen Acad\u00e9mico Marco (RAM) Institutos de Nivel Superior de la Provincia de Entre R\u00edos.<\/td>\n<td style=\"border: #1f3bff 0.1px solid;\"><a href=\"https:\/\/ischajari-ers.infd.edu.ar\/sitio\/wp-content\/uploads\/2024\/03\/0249-24-CGE-Aprueba-Regimen-Academico-Marco-RAM-para-Institutos-de-Educacion-Superior.pdf\" target=\"_blank\" rel=\"noopener\"><img decoding=\"async\" loading=\"lazy\" class=\"aligncenter wp-image-981\" title=\"4967\/19 CGE\" src=\"https:\/\/ischajari-ers.infd.edu.ar\/sitio\/wp-content\/uploads\/2019\/05\/5023fbf29c.png\" alt=\"\" width=\"45\" height=\"45\" srcset=\"https:\/\/ischajari-ers.infd.edu.ar\/sitio\/wp-content\/uploads\/2019\/05\/5023fbf29c.png 512w, https:\/\/ischajari-ers.infd.edu.ar\/sitio\/wp-content\/uploads\/2019\/05\/5023fbf29c-500x500.png 500w\" sizes=\"(max-width: 45px) 100vw, 45px\" \/><\/a><\/td>\n<\/tr>\n<tr>\n<th style=\"border: #1f3bff 0.1px solid;\" scope=\"row\">0976-17 CGE<\/th>\n<td style=\"border: #1f3bff 0.1px solid;\">Aprueba Dise\u00f1o Curricular Profesorado de Educaci\u00f3n Especial en Discapacidad intelectual.<\/td>\n<td style=\"border: #1f3bff 0.1px solid;\"><a href=\"https:\/\/ischajari-ers.infd.edu.ar\/sitio\/wp-content\/uploads\/2019\/05\/0976-17_CGE_Aprueba_Disen_o_Curricular_Profesorado_de_Educacion_Especial_en_Discapacidad_intelectual_compressed.pdf\" target=\"_blank\" rel=\"noopener\"><img decoding=\"async\" loading=\"lazy\" class=\"aligncenter wp-image-981\" title=\"0976-17 CGE\" src=\"https:\/\/ischajari-ers.infd.edu.ar\/sitio\/wp-content\/uploads\/2019\/05\/5023fbf29c.png\" alt=\"\" width=\"45\" height=\"45\" srcset=\"https:\/\/ischajari-ers.infd.edu.ar\/sitio\/wp-content\/uploads\/2019\/05\/5023fbf29c.png 512w, https:\/\/ischajari-ers.infd.edu.ar\/sitio\/wp-content\/uploads\/2019\/05\/5023fbf29c-500x500.png 500w\" sizes=\"(max-width: 45px) 100vw, 45px\" \/><\/a><\/td>\n<\/tr>\n<tr>\n<th style=\"border: #1f3bff 0.1px solid;\" scope=\"row\">1471\/16 CGE<\/th>\n<td style=\"border: #1f3bff 0.1px solid;\">Resoluci\u00f3n en la que se modifican y aclaran los Art. 22\u00ba y 29\u00ba del reglamento Concursal para Acceso a Hs. C\u00e1tedra y Cargos Iniciales &#8211; resol. 2300\/12 CGE, garantiz\u00e1ndose la prioridad a la titulaci\u00f3n docente.<\/td>\n<td style=\"border: #1f3bff 0.1px solid;\"><a href=\"https:\/\/ischajari-ers.infd.edu.ar\/sitio\/wp-content\/uploads\/2019\/10\/1471-16-CGE-Reglamento-Concursal-Nivel-Superior.pdf\" target=\"_blank\" rel=\"noopener\"><img decoding=\"async\" loading=\"lazy\" class=\"aligncenter wp-image-981\" title=\"1471\/16 CGE\" src=\"https:\/\/ischajari-ers.infd.edu.ar\/sitio\/wp-content\/uploads\/2019\/05\/5023fbf29c.png\" alt=\"\" width=\"45\" height=\"45\" srcset=\"https:\/\/ischajari-ers.infd.edu.ar\/sitio\/wp-content\/uploads\/2019\/05\/5023fbf29c.png 512w, https:\/\/ischajari-ers.infd.edu.ar\/sitio\/wp-content\/uploads\/2019\/05\/5023fbf29c-500x500.png 500w\" sizes=\"(max-width: 45px) 100vw, 45px\" \/><\/a><\/td>\n<\/tr>\n<tr>\n<th style=\"border: #1f3bff 0.1px solid;\" scope=\"row\">4798\/15 CGE<\/th>\n<td style=\"border: #1f3bff 0.1px solid;\">&nbsp;Aprueba Dise\u00f1o Curricular Profesorado de Educaci\u00f3n Tecnol\u00f3gica.<\/td>\n<td style=\"border: #1f3bff 0.1px solid;\"><a href=\"https:\/\/ischajari-ers.infd.edu.ar\/aula\/archivos\/repositorio\/\/1000\/1132\/4798-15_CGE.pdf\" target=\"_blank\" rel=\"noopener\"><img decoding=\"async\" loading=\"lazy\" class=\"aligncenter wp-image-981\" title=\"0655\/15 CGE\" src=\"https:\/\/ischajari-ers.infd.edu.ar\/sitio\/wp-content\/uploads\/2019\/05\/5023fbf29c.png\" alt=\"\" width=\"45\" height=\"45\" srcset=\"https:\/\/ischajari-ers.infd.edu.ar\/sitio\/wp-content\/uploads\/2019\/05\/5023fbf29c.png 512w, https:\/\/ischajari-ers.infd.edu.ar\/sitio\/wp-content\/uploads\/2019\/05\/5023fbf29c-500x500.png 500w\" sizes=\"(max-width: 45px) 100vw, 45px\" \/><\/a><\/td>\n<\/tr>\n<tr>\n<th style=\"border: #1f3bff 0.1px solid;\" scope=\"row\">4165\/14 CGE<\/th>\n<td style=\"border: #1f3bff 0.1px solid;\">Dise\u00f1o Curricular para la Formaci\u00f3n Docente de Educaci\u00f3n Inicial.<\/td>\n<td style=\"border: #1f3bff 0.1px solid;\"><a href=\"https:\/\/ischajari-ers.infd.edu.ar\/sitio\/wp-content\/uploads\/2019\/05\/4165-14_CGE_Dise\u00f1o_Curricular_para_la_Formaci\u00f3n_Docente_de_Educaci\u00f3n_Inicial_compressed.pdf\" target=\"_blank\" rel=\"noopener\"><img decoding=\"async\" loading=\"lazy\" class=\"aligncenter wp-image-981\" title=\"4165\/14 CGE\" src=\"https:\/\/ischajari-ers.infd.edu.ar\/sitio\/wp-content\/uploads\/2019\/05\/5023fbf29c.png\" alt=\"\" width=\"45\" height=\"45\" srcset=\"https:\/\/ischajari-ers.infd.edu.ar\/sitio\/wp-content\/uploads\/2019\/05\/5023fbf29c.png 512w, https:\/\/ischajari-ers.infd.edu.ar\/sitio\/wp-content\/uploads\/2019\/05\/5023fbf29c-500x500.png 500w\" sizes=\"(max-width: 45px) 100vw, 45px\" \/><\/a><\/td>\n<\/tr>\n<tr>\n<th style=\"border: #1f3bff 0.1px solid;\" scope=\"row\">2300\/12 CGE<\/th>\n<td style=\"border: #1f3bff 0.1px solid;\">Reglamentos Concursos Nivel Superior.<\/td>\n<td style=\"border: #1f3bff 0.1px solid;\"><a href=\"https:\/\/ischajari-ers.infd.edu.ar\/sitio\/wp-content\/uploads\/2019\/05\/2300-12_CGE_Reglamento_Concursal_Nivel_Superior.pdf\" target=\"_blank\" rel=\"noopener\"><img decoding=\"async\" loading=\"lazy\" class=\"aligncenter wp-image-981\" title=\"2300\/12 CGE\" src=\"https:\/\/ischajari-ers.infd.edu.ar\/sitio\/wp-content\/uploads\/2019\/05\/5023fbf29c.png\" alt=\"\" width=\"45\" height=\"45\" srcset=\"https:\/\/ischajari-ers.infd.edu.ar\/sitio\/wp-content\/uploads\/2019\/05\/5023fbf29c.png 512w, https:\/\/ischajari-ers.infd.edu.ar\/sitio\/wp-content\/uploads\/2019\/05\/5023fbf29c-500x500.png 500w\" sizes=\"(max-width: 45px) 100vw, 45px\" \/><\/a><\/td>\n<\/tr>\n<tr>\n<th style=\"border: #1f3bff 0.1px solid;\" scope=\"row\">3266\/11 CGE<\/th>\n<td style=\"border: #1f3bff 0.1px solid;\">Reglamento de pr\u00e1cticas en el marco de las vinculaciones del Sistema Formador con las escuelas e instituciones asociadas.<\/td>\n<td style=\"border: #1f3bff 0.1px solid;\"><a href=\"https:\/\/ischajari-ers.infd.edu.ar\/sitio\/wp-content\/uploads\/2019\/05\/Resolucion_326611.pdf\" target=\"_blank\" rel=\"noopener\"><img decoding=\"async\" loading=\"lazy\" class=\"aligncenter wp-image-981\" title=\"3266\/11 CGE\" src=\"https:\/\/ischajari-ers.infd.edu.ar\/sitio\/wp-content\/uploads\/2019\/05\/5023fbf29c.png\" alt=\"\" width=\"45\" height=\"45\" srcset=\"https:\/\/ischajari-ers.infd.edu.ar\/sitio\/wp-content\/uploads\/2019\/05\/5023fbf29c.png 512w, https:\/\/ischajari-ers.infd.edu.ar\/sitio\/wp-content\/uploads\/2019\/05\/5023fbf29c-500x500.png 500w\" sizes=\"(max-width: 45px) 100vw, 45px\" \/><\/a><\/td>\n<\/tr>\n<tr>\n<th style=\"border: #1f3bff 0.1px solid;\" scope=\"row\">0759\/14 CGE<\/th>\n<td style=\"border: #1f3bff 0.1px solid;\">Diseno Curricular Profesorado en Lengua y Literatura.<\/td>\n<td style=\"border: #1f3bff 0.1px solid;\"><a href=\"https:\/\/ischajari-ers.infd.edu.ar\/sitio\/wp-content\/uploads\/2023\/03\/0759-14_CGE_Diseno_Curricular_Profesorado_en_Lengua_y_Literatura_cd.pdf\" target=\"_blank\" rel=\"noopener\"><img decoding=\"async\" loading=\"lazy\" class=\"aligncenter wp-image-981\" title=\"0759\/14 CGE\" src=\"https:\/\/ischajari-ers.infd.edu.ar\/sitio\/wp-content\/uploads\/2019\/05\/5023fbf29c.png\" alt=\"\" width=\"45\" height=\"45\" srcset=\"https:\/\/ischajari-ers.infd.edu.ar\/sitio\/wp-content\/uploads\/2019\/05\/5023fbf29c.png 512w, https:\/\/ischajari-ers.infd.edu.ar\/sitio\/wp-content\/uploads\/2019\/05\/5023fbf29c-500x500.png 500w\" sizes=\"(max-width: 45px) 100vw, 45px\" \/><\/a><\/td>\n<\/tr>\n<tr>\n<th style=\"border: #1f3bff 0.1px solid;\" scope=\"row\">0708-25 CGE<\/th>\n<td style=\"border: #1f3bff 0.1px solid;\">Procedimientos y evaluaciones de carpetas de t\u00edtulos y antecedentes para asprirantes a concursos Nivel Superior.<\/td>\n<td style=\"border: #1f3bff 0.1px solid;\"><a href=\"https:\/\/ischajari-ers.infd.edu.ar\/sitio\/wp-content\/uploads\/2025\/03\/Res.-0708-25-CGE-Procedimientos-y-evaluaciones-de-carpetas-de-titulos-y-antecedentes-para-asprirantes-a-concursos-Nivel-Superior.pdf\" target=\"_blank\" rel=\"noopener\"><img decoding=\"async\" loading=\"lazy\" class=\"aligncenter wp-image-981\" title=\"0708-25 CGE\" src=\"https:\/\/ischajari-ers.infd.edu.ar\/sitio\/wp-content\/uploads\/2019\/05\/5023fbf29c.png\" alt=\"\" width=\"45\" height=\"45\" srcset=\"https:\/\/ischajari-ers.infd.edu.ar\/sitio\/wp-content\/uploads\/2019\/05\/5023fbf29c.png 512w, https:\/\/ischajari-ers.infd.edu.ar\/sitio\/wp-content\/uploads\/2019\/05\/5023fbf29c-500x500.png 500w\" sizes=\"(max-width: 45px) 100vw, 45px\" \/><\/a><\/td>\n<\/tr>\n<tr>\n<th style=\"border: #1f3bff 0.1px solid;\" scope=\"row\">05-25 JC<\/th>\n<td style=\"border: #1f3bff 0.1px solid;\">Circular 05\/25 Jurado de Concursos de Nivel Superior.<\/td>\n<td style=\"border: #1f3bff 0.1px solid;\"><a href=\"https:\/\/ischajari-ers.infd.edu.ar\/sitio\/wp-content\/uploads\/2025\/03\/Circular-05-25-JC.pdf\" target=\"_blank\" rel=\"noopener\"><img decoding=\"async\" loading=\"lazy\" class=\"aligncenter wp-image-981\" title=\"05-25 JC\" src=\"https:\/\/ischajari-ers.infd.edu.ar\/sitio\/wp-content\/uploads\/2019\/05\/5023fbf29c.png\" alt=\"\" width=\"45\" height=\"45\" srcset=\"https:\/\/ischajari-ers.infd.edu.ar\/sitio\/wp-content\/uploads\/2019\/05\/5023fbf29c.png 512w, https:\/\/ischajari-ers.infd.edu.ar\/sitio\/wp-content\/uploads\/2019\/05\/5023fbf29c-500x500.png 500w\" sizes=\"(max-width: 45px) 100vw, 45px\" \/><\/a><\/td>\n<\/tr>\n<\/tbody>\n<\/table>\n","protected":false},"excerpt":{"rendered":"<p># Descripci\u00f3n Ver\/Descargar 1500\/22 CGE Resoluci\u00f3n concursal del Nivel Superior. 0996\/19 CGE Lineamientos generales para cubrir la funci\u00f3n de Referente T\u00e9cnico Institucional del Programa Conectar Igualdad. 0249\/24 CGE Aprueba R\u00e9gimen Acad\u00e9mico Marco (RAM) Institutos de Nivel Superior de la Provincia de Entre R\u00edos. 0976-17 CGE Aprueba Dise\u00f1o Curricular Profesorado de Educaci\u00f3n Especial en Discapacidad intelectual. &#8230; <a title=\"Resoluciones\" class=\"read-more\" href=\"https:\/\/ischajari-ers.infd.edu.ar\/sitio\/resoluciones\/\" aria-label=\"More on Resoluciones\">[+]<\/a><\/p>\n","protected":false},"author":63,"featured_media":0,"parent":0,"menu_order":0,"comment_status":"closed","ping_status":"closed","template":"","meta":[],"acf":[],"_links":{"self":[{"href":"https:\/\/ischajari-ers.infd.edu.ar\/sitio\/wp-json\/wp\/v2\/pages\/894"}],"collection":[{"href":"https:\/\/ischajari-ers.infd.edu.ar\/sitio\/wp-json\/wp\/v2\/pages"}],"about":[{"href":"https:\/\/ischajari-ers.infd.edu.ar\/sitio\/wp-json\/wp\/v2\/types\/page"}],"author":[{"embeddable":true,"href":"https:\/\/ischajari-ers.infd.edu.ar\/sitio\/wp-json\/wp\/v2\/users\/63"}],"replies":[{"embeddable":true,"href":"https:\/\/ischajari-ers.infd.edu.ar\/sitio\/wp-json\/wp\/v2\/comments?post=894"}],"version-history":[{"count":54,"href":"https:\/\/ischajari-ers.infd.edu.ar\/sitio\/wp-json\/wp\/v2\/pages\/894\/revisions"}],"predecessor-version":[{"id":2878,"href":"https:\/\/ischajari-ers.infd.edu.ar\/sitio\/wp-json\/wp\/v2\/pages\/894\/revisions\/2878"}],"wp:attachment":[{"href":"https:\/\/ischajari-ers.infd.edu.ar\/sitio\/wp-json\/wp\/v2\/media?parent=894"}],"curies":[{"name":"wp","href":"https:\/\/api.w.org\/{rel}","templated":true}]}}