{"id":3097,"date":"2026-03-04T20:50:07","date_gmt":"2026-03-04T23:50:07","guid":{"rendered":"https:\/\/ischajari-ers.infd.edu.ar\/sitio\/?page_id=3097"},"modified":"2026-03-05T08:34:40","modified_gmt":"2026-03-05T11:34:40","slug":"horarios-pet-2026","status":"publish","type":"page","link":"https:\/\/ischajari-ers.infd.edu.ar\/sitio\/horarios-pet-2026\/","title":{"rendered":"Horarios Profesorado de Educaci\u00f3n Tecnol\u00f3gica &#8211; 2026"},"content":{"rendered":"<div class=\"contenedor-pdf\">\n<h2 class=\"titulo-pdf\">3er A\u00f1o<\/h2>\n<div class=\"visor-wrapper\">\n        <iframe loading=\"lazy\" src=\"https:\/\/ischajari-ers.infd.edu.ar\/sitio\/wp-content\/uploads\/2026\/03\/PROFESORADO-DE-EDUCACION-TECNOLOGICA-3o-ANO-2026.pdf\" width=\"100%\" height=\"600px\" style=\"border: none;\"><\/p>\n<p>Tu navegador no admite visualizaci\u00f3n de PDFs.<br \/>\n<a href=\"https:\/\/ischajari-ers.infd.edu.ar\/sitio\/wp-content\/uploads\/2026\/03\/PROFESORADO-DE-EDUCACION-TECNOLOGICA-3o-ANO-2026.pdf\">Hac\u00e9 clic ac\u00e1 para ver el archivo.<\/a><\/p>\n<p><\/iframe><\/div>\n<\/div>\n<style>\n    .contenedor-pdf {<br \/>\n        width: 100%;<br \/>\n        max-width: 900px;<br \/>\n        margin: 20px auto;<br \/>\n        padding: 20px;<br \/>\n        background: #ffffff;<br \/>\n    }<\/p>\n<p>    .titulo-pdf {<br \/>\n        font-size: 32px;<br \/>\n        font-weight: bold;<br \/>\n        color: #333;<br \/>\n        margin-top: 0;<br \/>\n        margin-bottom: 25px;<br \/>\n        text-align: left;<br \/>\n        border-bottom: 3px solid #0073aa;<br \/>\n        padding-bottom: 10px;<br \/>\n        display: inline-block;<br \/>\n    }<\/p>\n<p>    .visor-wrapper {<br \/>\n        border: 1px solid #ddd;<br \/>\n        border-radius: 8px;<br \/>\n        overflow: hidden; \/* Para que el iframe respete los bordes redondeados *\/<br \/>\n        box-shadow: 0 4px 12px rgba(0,0,0,0.1);<br \/>\n    }<br \/>\n<\/style>\n<div class=\"contenedor-pdf\">\n<h2 class=\"titulo-pdf\">4to A\u00f1o<\/h2>\n<div class=\"visor-wrapper\">\n        <iframe loading=\"lazy\" src=\"https:\/\/ischajari-ers.infd.edu.ar\/sitio\/wp-content\/uploads\/2026\/03\/PROFESORADO-DE-EDUCACION-TECNOLOGICA-4o-ANO-2026.pdf\" width=\"100%\" height=\"600px\" style=\"border: none;\"><\/p>\n<p>Tu navegador no admite visualizaci\u00f3n de PDFs.<br \/>\n<a href=\"https:\/\/ischajari-ers.infd.edu.ar\/sitio\/wp-content\/uploads\/2026\/03\/PROFESORADO-DE-EDUCACION-TECNOLOGICA-4o-ANO-2026.pdf\">Hac\u00e9 clic ac\u00e1 para ver el archivo.<\/a><\/p>\n<p><\/iframe><\/div>\n<\/div>\n<style>\n    .contenedor-pdf {<br \/>\n        width: 100%;<br \/>\n        max-width: 900px;<br \/>\n        margin: 20px auto;<br \/>\n        padding: 20px;<br \/>\n        background: #ffffff;<br \/>\n    }<\/p>\n<p>    .titulo-pdf {<br \/>\n        font-size: 32px;<br \/>\n        font-weight: bold;<br \/>\n        color: #333;<br \/>\n        margin-top: 0;<br \/>\n        margin-bottom: 25px;<br \/>\n        text-align: left;<br \/>\n        border-bottom: 3px solid #0073aa;<br \/>\n        padding-bottom: 10px;<br \/>\n        display: inline-block;<br \/>\n    }<\/p>\n<p>    .visor-wrapper {<br \/>\n        border: 1px solid #ddd;<br \/>\n        border-radius: 8px;<br \/>\n        overflow: hidden; \/* Para que el iframe respete los bordes redondeados *\/<br \/>\n        box-shadow: 0 4px 12px rgba(0,0,0,0.1);<br \/>\n    }<br \/>\n<\/style>\n","protected":false},"excerpt":{"rendered":"<p>3er A\u00f1o Tu navegador no admite visualizaci\u00f3n de PDFs. Hac\u00e9 clic ac\u00e1 para ver el archivo. 4to A\u00f1o Tu navegador no admite visualizaci\u00f3n de PDFs. Hac\u00e9 clic ac\u00e1 para ver el archivo.<\/p>\n","protected":false},"author":532,"featured_media":0,"parent":0,"menu_order":0,"comment_status":"closed","ping_status":"closed","template":"","meta":[],"acf":[],"_links":{"self":[{"href":"https:\/\/ischajari-ers.infd.edu.ar\/sitio\/wp-json\/wp\/v2\/pages\/3097"}],"collection":[{"href":"https:\/\/ischajari-ers.infd.edu.ar\/sitio\/wp-json\/wp\/v2\/pages"}],"about":[{"href":"https:\/\/ischajari-ers.infd.edu.ar\/sitio\/wp-json\/wp\/v2\/types\/page"}],"author":[{"embeddable":true,"href":"https:\/\/ischajari-ers.infd.edu.ar\/sitio\/wp-json\/wp\/v2\/users\/532"}],"replies":[{"embeddable":true,"href":"https:\/\/ischajari-ers.infd.edu.ar\/sitio\/wp-json\/wp\/v2\/comments?post=3097"}],"version-history":[{"count":3,"href":"https:\/\/ischajari-ers.infd.edu.ar\/sitio\/wp-json\/wp\/v2\/pages\/3097\/revisions"}],"predecessor-version":[{"id":3124,"href":"https:\/\/ischajari-ers.infd.edu.ar\/sitio\/wp-json\/wp\/v2\/pages\/3097\/revisions\/3124"}],"wp:attachment":[{"href":"https:\/\/ischajari-ers.infd.edu.ar\/sitio\/wp-json\/wp\/v2\/media?parent=3097"}],"curies":[{"name":"wp","href":"https:\/\/api.w.org\/{rel}","templated":true}]}}